{"id":27,"date":"2023-06-20T21:58:00","date_gmt":"2023-06-20T21:58:00","guid":{"rendered":"https:\/\/dvdbotinec.hr\/Nova\/?page_id=27"},"modified":"2024-05-19T12:40:08","modified_gmt":"2024-05-19T12:40:08","slug":"nadzorni-odbor","status":"publish","type":"page","link":"https:\/\/dvdbotinec.hr\/Nova\/?page_id=27","title":{"rendered":"Nadzorni odbor"},"content":{"rendered":"\n<figure class=\"wp-block-table\"><table><tbody><tr><td><img loading=\"lazy\" decoding=\"async\" width=\"680\" height=\"788\" class=\"wp-image-127\" style=\"width: 680px;\" src=\"https:\/\/dvdbotinec.hr\/Nova\/wp-content\/uploads\/2024\/04\/MarkovicDejan.png\" alt=\"\" srcset=\"https:\/\/dvdbotinec.hr\/Nova\/wp-content\/uploads\/2024\/04\/MarkovicDejan.png 234w, https:\/\/dvdbotinec.hr\/Nova\/wp-content\/uploads\/2024\/04\/MarkovicDejan-10x12.png 10w\" sizes=\"auto, (max-width: 680px) 100vw, 680px\" \/><\/td><td>&nbsp;<\/td><td>Dejan Markovi\u0107 Predsjednik Nadzornog odbora Do\u010dasnik I klase \u010clan je DVD-a Botinec od 1998. godine. Predsjednik nadzornog odbora od 2013. Dobitnik je spomenice za 10 i 20 godina rada, bron\u010dane i srebrne medalje, te bron\u010dane plamenice.<\/td><\/tr><tr><td>&nbsp;<\/td><\/tr><tr><td><img loading=\"lazy\" decoding=\"async\" width=\"680\" height=\"830\" class=\"wp-image-128\" style=\"width: 680px;\" src=\"https:\/\/dvdbotinec.hr\/Nova\/wp-content\/uploads\/2024\/04\/SlobodicIvan.png\" alt=\"\" srcset=\"https:\/\/dvdbotinec.hr\/Nova\/wp-content\/uploads\/2024\/04\/SlobodicIvan.png 100w, https:\/\/dvdbotinec.hr\/Nova\/wp-content\/uploads\/2024\/04\/SlobodicIvan-10x12.png 10w\" sizes=\"auto, (max-width: 680px) 100vw, 680px\" \/><\/td><td>&nbsp;<\/td><td>Ivan Slobodi\u0107 \u010clan nadzornog odbora Vatrogasac \u010clan je DVD-a od 1972. godine. \u010clan nadzornog odbora od 2005. godine do 2009. godine i ponovno od 2017.godine. Ima \u010din vatrogasca. Dobitnik je mnogih priznanja, kao i spomenice za 10, 20, 30 i 40 godina rada.<\/td><\/tr><tr><td>&nbsp;<\/td><\/tr><tr><td><img loading=\"lazy\" decoding=\"async\" width=\"680\" height=\"802\" class=\"wp-image-129\" style=\"width: 680px;\" src=\"https:\/\/dvdbotinec.hr\/Nova\/wp-content\/uploads\/2024\/04\/StupnisekIvan.png\" alt=\"\" srcset=\"https:\/\/dvdbotinec.hr\/Nova\/wp-content\/uploads\/2024\/04\/StupnisekIvan.png 100w, https:\/\/dvdbotinec.hr\/Nova\/wp-content\/uploads\/2024\/04\/StupnisekIvan-10x12.png 10w\" sizes=\"auto, (max-width: 680px) 100vw, 680px\" \/><\/td><td>&nbsp;<\/td><td>Ivan Stupni\u0161ek \u010clan nadzornog odbora Vatrogasac I klase \u010clan je DVD-a od 1991. godine. Obna\u0161ao je du\u017enost \u010dlana Upravnog odbora od 2005. do 2009. godine. Du\u017enost \u010dlana nadzornog odbora preuzima 2017.godine. Ima \u010din vatrogasca I klase. Dobitnik je mnogih priznanja, kao i spomenice za 10 i 20 godina rada.<\/td><\/tr><\/tbody><\/table><\/figure>\n","protected":false},"excerpt":{"rendered":"<p>&nbsp; Dejan Markovi\u0107 Predsjednik Nadzornog odbora Do\u010dasnik I klase \u010clan je DVD-a Botinec od 1998. godine. Predsjednik nadzornog odbora od 2013. Dobitnik je spomenice za 10 i 20 godina rada, bron\u010dane i srebrne medalje, te bron\u010dane plamenice. &nbsp; &nbsp; Ivan Slobodi\u0107 \u010clan nadzornog odbora Vatrogasac \u010clan je DVD-a od 1972. godine. \u010clan nadzornog odbora od &hellip; <\/p>\n<p class=\"link-more\"><a href=\"https:\/\/dvdbotinec.hr\/Nova\/?page_id=27\" class=\"more-link\">Read more<span class=\"screen-reader-text\"> &#8220;Nadzorni odbor&#8221;<\/span><\/a><\/p>\n","protected":false},"author":1,"featured_media":0,"parent":0,"menu_order":0,"comment_status":"closed","ping_status":"closed","template":"","meta":{"_monsterinsights_skip_tracking":false,"_monsterinsights_sitenote_active":false,"_monsterinsights_sitenote_note":"","_monsterinsights_sitenote_category":0,"ngg_post_thumbnail":0,"footnotes":""},"class_list":["post-27","page","type-page","status-publish","hentry"],"aioseo_notices":[],"featured_media_urls":[],"_links":{"self":[{"href":"https:\/\/dvdbotinec.hr\/Nova\/index.php?rest_route=\/wp\/v2\/pages\/27","targetHints":{"allow":["GET"]}}],"collection":[{"href":"https:\/\/dvdbotinec.hr\/Nova\/index.php?rest_route=\/wp\/v2\/pages"}],"about":[{"href":"https:\/\/dvdbotinec.hr\/Nova\/index.php?rest_route=\/wp\/v2\/types\/page"}],"author":[{"embeddable":true,"href":"https:\/\/dvdbotinec.hr\/Nova\/index.php?rest_route=\/wp\/v2\/users\/1"}],"replies":[{"embeddable":true,"href":"https:\/\/dvdbotinec.hr\/Nova\/index.php?rest_route=%2Fwp%2Fv2%2Fcomments&post=27"}],"version-history":[{"count":18,"href":"https:\/\/dvdbotinec.hr\/Nova\/index.php?rest_route=\/wp\/v2\/pages\/27\/revisions"}],"predecessor-version":[{"id":279,"href":"https:\/\/dvdbotinec.hr\/Nova\/index.php?rest_route=\/wp\/v2\/pages\/27\/revisions\/279"}],"wp:attachment":[{"href":"https:\/\/dvdbotinec.hr\/Nova\/index.php?rest_route=%2Fwp%2Fv2%2Fmedia&parent=27"}],"curies":[{"name":"wp","href":"https:\/\/api.w.org\/{rel}","templated":true}]}}